{"id":103,"date":"2022-01-01T10:28:05","date_gmt":"2022-01-01T09:28:05","guid":{"rendered":"https:\/\/www.vyfabriken.se\/?page_id=103"},"modified":"2022-01-01T15:43:50","modified_gmt":"2022-01-01T14:43:50","slug":"flygfoto","status":"publish","type":"page","link":"https:\/\/www.vyfabriken.se\/index.php\/flygfoto\/","title":{"rendered":"Flygfoto"},"content":{"rendered":"\n<p class=\"my-text-block\" style=\"font-size:14px\">Flygfoto \u00e4r ett utm\u00e4rkt s\u00e4tt att f\u00e5nga kundens eller \u00e5sk\u00e5darens omedelbara intresse och skapa en attraktiv presentation.&nbsp;Vi kan smidigt och kostnadseffektivt komplettera och f\u00f6rh\u00f6ja den visuella&nbsp;presentationen av ett objekt eller ett evenemang f\u00f6r t ex m\u00e4klare,&nbsp;reklamfirmor, arkitekter, fastighetsbolag, idrottsevenemang etc. Endast&nbsp;fantasin s\u00e4tter gr\u00e4nser f\u00f6r m\u00f6jligheterna.<\/p>\n\n\n\n<div class=\"wp-block-columns alignwide is-layout-flex wp-container-core-columns-is-layout-28f84493 wp-block-columns-is-layout-flex\">\n<div class=\"wp-block-column my-drop-shadow is-layout-flow wp-block-column-is-layout-flow\" style=\"flex-basis:66.66%\">\n\t<div class=\"slideshow_container slideshow_container_style-light\" data-slideshow-id=\"134\" data-style-name=\"style-light\" data-style-version=\"2.5.20\">\n\t\t<div class=\"slideshow_loading_icon\"><\/div>\n\t\t<div class=\"slideshow_content\">\n\t\t\t<div class=\"slideshow_view\">\n\t\t\t\t<div class=\"slideshow_slide slideshow_slide_image\">\n\t\t\t\t\t\t\t\t\t\t\t<img fetchpriority=\"high\" decoding=\"async\" src=\"https:\/\/www.vyfabriken.se\/wp-content\/uploads\/2022\/01\/IMG_0213.jpg\" alt=\"IMG_0213\" width=\"1280\" height=\"960\" \/>\n\t\t\t\t\t\t\t\t\t\t<div class=\"slideshow_description_box slideshow_transparent\">\n\t\t\t\t\t\t<div class=\"slideshow_title\">IMG_0213<\/div>\t\t\t\t\t\t\t\t\t\t\t<\/div>\n\t\t\t\t<\/div>\n\n\t\t\t\t\t\t\t\t\t<\/div>\n\t\t\t<div class=\"slideshow_view\">\n\t\t\t\t<div class=\"slideshow_slide slideshow_slide_image\">\n\t\t\t\t\t\t\t\t\t\t\t<img decoding=\"async\" src=\"https:\/\/www.vyfabriken.se\/wp-content\/uploads\/2022\/01\/IMG_1048.jpg\" alt=\"IMG_1048\" width=\"1280\" height=\"960\" \/>\n\t\t\t\t\t\t\t\t\t\t<div class=\"slideshow_description_box slideshow_transparent\">\n\t\t\t\t\t\t<div class=\"slideshow_title\">IMG_1048<\/div>\t\t\t\t\t\t\t\t\t\t\t<\/div>\n\t\t\t\t<\/div>\n\n\t\t\t\t\t\t\t\t\t<\/div>\n\t\t\t<div class=\"slideshow_view\">\n\t\t\t\t<div class=\"slideshow_slide slideshow_slide_image\">\n\t\t\t\t\t\t\t\t\t\t\t<img decoding=\"async\" src=\"https:\/\/www.vyfabriken.se\/wp-content\/uploads\/2022\/01\/raktner.jpg\" alt=\"raktner\" width=\"1280\" height=\"960\" \/>\n\t\t\t\t\t\t\t\t\t\t<div class=\"slideshow_description_box slideshow_transparent\">\n\t\t\t\t\t\t<div class=\"slideshow_title\">raktner<\/div>\t\t\t\t\t\t\t\t\t\t\t<\/div>\n\t\t\t\t<\/div>\n\n\t\t\t\t\t\t\t\t\t<\/div>\n\t\t<\/div>\n\t\t<div class=\"slideshow_controlPanel slideshow_transparent\"><ul><li class=\"slideshow_togglePlay\" data-play-text=\"Spela\" data-pause-text=\"Paus\"><\/li><\/ul><\/div>\n\t\t<div class=\"slideshow_button slideshow_previous slideshow_transparent\" role=\"button\" data-previous-text=\"F\u00f6reg\u00e5ende\"><\/div>\n\t\t<div class=\"slideshow_button slideshow_next slideshow_transparent\" role=\"button\" data-next-text=\"N\u00e4sta\"><\/div>\n\t\t<div class=\"slideshow_pagination\" data-go-to-text=\"G\u00e5 till bild\"><div class=\"slideshow_pagination_center\"><\/div><\/div>\n\t<\/div>\n\n\n\n\n<p><\/p>\n<\/div>\n\n\n\n<div class=\"wp-block-column my-text-block my-drop-shadow has-background is-layout-flow wp-block-column-is-layout-flow\" style=\"background-color:#d7dadc\">\n<p class=\"has-black-color has-text-color\" style=\"font-size:14px\">Vi genomf\u00f6r uppdrag vanligvis med en operat\u00f6r d\u00e4r kunden erbjuds m\u00f6jlighet&nbsp;att vara med och p\u00e5verka under fotograferingen. \u00c4ven helt autonoma f\u00f6rprogrammerade uppdrag kan genomf\u00f6ras d\u00e4r produktionen kan planeras och l\u00e4ggas upp i f\u00f6rv\u00e4g.<\/p>\n\n\n\n<p class=\"has-black-color has-text-color\" style=\"font-size:14px\">Bilderna tas alltid med h\u00f6g uppl\u00f6sning samt m\u00f6jlighet till flera exponeringar (AEB Automatic Exposure Bracketing) f\u00f6r extra stort dynamiskt omf\u00e5ng.<\/p>\n<\/div>\n<\/div>\n\n\n\n<p class=\".my_custom_class {padding-left: 20px; padding-right: 20px;}\"><\/p>\n","protected":false},"excerpt":{"rendered":"<p>Flygfoto \u00e4r ett utm\u00e4rkt s\u00e4tt att f\u00e5nga kundens eller \u00e5sk\u00e5darens omedelbara intresse och skapa en attraktiv presentation.&nbsp;Vi kan smidigt och kostnadseffektivt komplettera och f\u00f6rh\u00f6ja den visuella&nbsp;presentationen av ett objekt eller ett evenemang f\u00f6r t ex m\u00e4klare,&nbsp;reklamfirmor, arkitekter, fastighetsbolag, idrottsevenemang etc. Endast&nbsp;fantasin s\u00e4tter gr\u00e4nser f\u00f6r m\u00f6jligheterna. Vi genomf\u00f6r uppdrag vanligvis med en operat\u00f6r d\u00e4r kunden erbjuds &hellip; <\/p>\n<p class=\"link-more\"><a href=\"https:\/\/www.vyfabriken.se\/index.php\/flygfoto\/\" class=\"more-link\">L\u00e4s mer<span class=\"screen-reader-text\"> \u201dFlygfoto\u201d<\/span><\/a><\/p>\n","protected":false},"author":1,"featured_media":124,"parent":0,"menu_order":0,"comment_status":"closed","ping_status":"closed","template":"","meta":{"inspiro_hide_title":false,"footnotes":""},"class_list":["post-103","page","type-page","status-publish","has-post-thumbnail","hentry"],"_links":{"self":[{"href":"https:\/\/www.vyfabriken.se\/index.php\/wp-json\/wp\/v2\/pages\/103","targetHints":{"allow":["GET"]}}],"collection":[{"href":"https:\/\/www.vyfabriken.se\/index.php\/wp-json\/wp\/v2\/pages"}],"about":[{"href":"https:\/\/www.vyfabriken.se\/index.php\/wp-json\/wp\/v2\/types\/page"}],"author":[{"embeddable":true,"href":"https:\/\/www.vyfabriken.se\/index.php\/wp-json\/wp\/v2\/users\/1"}],"replies":[{"embeddable":true,"href":"https:\/\/www.vyfabriken.se\/index.php\/wp-json\/wp\/v2\/comments?post=103"}],"version-history":[{"count":26,"href":"https:\/\/www.vyfabriken.se\/index.php\/wp-json\/wp\/v2\/pages\/103\/revisions"}],"predecessor-version":[{"id":175,"href":"https:\/\/www.vyfabriken.se\/index.php\/wp-json\/wp\/v2\/pages\/103\/revisions\/175"}],"wp:featuredmedia":[{"embeddable":true,"href":"https:\/\/www.vyfabriken.se\/index.php\/wp-json\/wp\/v2\/media\/124"}],"wp:attachment":[{"href":"https:\/\/www.vyfabriken.se\/index.php\/wp-json\/wp\/v2\/media?parent=103"}],"curies":[{"name":"wp","href":"https:\/\/api.w.org\/{rel}","templated":true}]}}